Is 358217129 a prime number?
True
Is 27303383 a prime number?
True
Is 2879501 a composite number?
False
Is 631061 a composite number?
False
Is 1590161 a prime number?
True
Is 21174037 a prime number?
False
Is 3149711 composite?
True
Is 2050991 a prime number?
False
Is 447541 a prime number?
True
Is 242761229 a prime number?
True
Is 2055057 a prime number?
False
Is 14786789 a prime number?
True
Is 10707329 a composite number?
False
Is 14480513 prime?
False
Is 2103457 prime?
False
Is 13702817 a composite number?
False
Is 567472879 composite?
True
Is 2427959 a composite number?
True
Is 14386123 a prime number?
False
Is 12701 a composite number?
True
Is 24515791 prime?
False
Is 6887833 composite?
True
Is 1180357 prime?
False
Is 102397 composite?
False
Is 330730899 composite?
True
Is 215476787 a prime number?
False
Is 40824107 a prime number?
True
Is 831784747 prime?
True
Is 135991 a composite number?
True
Is 86050739 prime?
True
Is 2057953 a composite number?
False
Is 28463371 prime?
True
Is 2667965 composite?
True
Is 18100573 a composite number?
False
Is 100171 composite?
True
Is 11039497 prime?
False
Is 37644413 prime?
False
Is 40982783 a prime number?
True
Is 48235609 prime?
True
Is 20433749 a prime number?
False
Is 138999671 prime?
False
Is 166253233 composite?
True
Is 795631 a composite number?
True
Is 3377141 a prime number?
True
Is 2145313 composite?
True
Is 519001 a prime number?
False
Is 9458177 prime?
False
Is 1569619 prime?
True
Is 15369637 a prime number?
True
Is 13653221 prime?
True
Is 9042107 composite?
False
Is 15515959 a composite number?
False
Is 76233737 prime?
False
Is 810961 prime?
True
Is 57974041 composite?
True
Is 2588177 a prime number?
True
Is 13924747 a composite number?
False
Is 11688937 composite?
True
Is 723298339 prime?
True
Is 150545447 prime?
False
Is 47301245 composite?
True
Is 437756159 a composite number?
False
Is 38134561 a composite number?
True
Is 10005961 a prime number?
False
Is 17507167 a composite number?
True
Is 13586407 prime?
True
Is 821477 a prime number?
True
Is 20970589 composite?
False
Is 740513 a composite number?
False
Is 1208855 prime?
False
Is 2827753 prime?
True
Is 53099461 a prime number?
True
Is 6204067 a prime number?
False
Is 1161221 prime?
False
Is 150924083 composite?
False
Is 3799303 prime?
False
Is 339527522 composite?
True
Is 34377583 a prime number?
True
Is 12057241 composite?
True
Is 195474161 a composite number?
False
Is 395265269 composite?
True
Is 356047 prime?
False
Is 73331593 composite?
True
Is 5934347 a composite number?
False
Is 14351629 prime?
False
Is 978839 prime?
True
Is 4384130741 a composite number?
False
Is 789149 prime?
True
Is 613027 a composite number?
True
Is 229396359 prime?
False
Is 37706447 a composite number?
True
Is 32549939 prime?
True
Is 934417 prime?
False
Is 26323163 a composite number?
True
Is 1065193 a prime number?
False
Is 34111183 a composite number?
False
Is 16999747 a composite number?
True
Is 2564561 a prime number?
True
Is 8886091 composite?
True
Is 23082643 prime?
True
Is 42554819 composite?
True
Is 3826031 prime?
False
Is 7623571 prime?
False
Is 47501483 a composite number?
False
Is 459817 a prime number?
True
Is 8163479 composite?
False
Is 4184881 prime?
True
Is 8393881 a prime number?
True
Is 1028471 composite?
False
Is 7403593 composite?
False
Is 95731546 a composite number?
True
Is 6747491 composite?
True
Is 177699947 prime?
True
Is 1264177 a composite number?
False
Is 79721 a composite number?
True
Is 33960331 prime?
True
Is 1425967 prime?
True
Is 8094179 a prime number?
False
Is 67011689 a composite number?
True
Is 180137 a prime number?
True
Is 261529409 a prime number?
True
Is 208707137 composite?
False
Is 845276099 a prime number?
True
Is 1567355 a composite number?
True
Is 28133845 a composite number?
True
Is 214839311 a composite number?
True
Is 3139469 a prime number?
False
Is 7849991 composite?
False
Is 3251078 prime?
False
Is 8904373 composite?
False
Is 3954031 composite?
True
Is 7861963 prime?
False
Is 188856179 a prime number?
False
Is 35640169 a composite number?
False
Is 17733037 prime?
False
Is 3803017 a composite number?
False
Is 54783977 prime?
True
Is 58777907 a composite number?
False
Is 439456445 prime?
False
Is 853205 a prime number?
False
Is 22816877 prime?
True
Is 131379 a prime number?
False
Is 282407 composite?
False
Is 2167733 composite?
True
Is 64632947 prime?
False
Is 9881593 composite?
False
Is 112271891 composite?
False
Is 5564441 composite?
True
Is 347949449 composite?
True
Is 316240733 prime?
False
Is 234042013 a prime number?
False
Is 935945 prime?
False
Is 6732667 a composite number?
True
Is 458997613 a prime number?
False
Is 1999937 prime?
False
Is 395573 a composite number?
True
Is 174487327 composite?
True
Is 2467243 prime?
True
Is 264520159 a prime number?
True
Is 46512062 composite?
True
Is 5311703 composite?
False
Is 3260441 a prime number?
False
Is 2577563 a prime number?
True
Is 1050943 composite?
True
Is 56133859 a prime number?
False
Is 774569 prime?
False
Is 4906337 a prime number?
False
Is 26076983 composite?
True
Is 37666793 a prime number?
True
Is 2857313 composite?
True
Is 16034819 prime?
True
Is 303211021 prime?
True
Is 92392233 prime?
False
Is 69636941 composite?
True
Is 11325243 prime?
False
Is 5068337 prime?
False
Is 31965229 prime?
True
Is 11323987 composite?
False
Is 401800879 a composite number?
True
Is 717512889 a composite number?
True
Is 359561 composite?
False
Is 14689613 prime?
False
Is 53730293 a prime number?
True
Is 55324099 composite?
False
Is 13524097 composite?
False
Is 51539109 prime?
False
Is 11775191 a composite number?
False
Is 1481302066 composite?
True
Is 22066855 prime?
False
Is 16268263 a prime number?
False
Is 866639 prime?
True
Is 22987747 prime?
False
Is 1812463 a prime number?
False
Is 694717 composite?
False
Is 1871611 a prime number?
False
Is 2908931 prime?
True
Is 183677309 a prime number?
True
Is 100598305 a composite number?
True
Is 20333899 a prime number?
True
Is 146388743 a prime number?
True
Is 2944099 composite?
False
Is 720065119 composite?
False
Is 33462047 composite?
False
Is 55413035 a prime number?
False
Is 348814937 composite?
False
Is 2257033 a composite number?
True
Is 304137863 a prime number?
True
Is 27824149 composite?
True
Is 3048413 composite?
False
Is 254008387 a prime number?
False
Is 47542567 a composite number?
True
Is 179992621 composite?
True
Is 133672091 composite?
True
Is 5960543 prime?
True
Is 5082689 composite?
True
Is 8298937 a prime number?
True
Is 559132531 a prime number?
False
Is 158959 a composite number?
False
Is 646453 prime?
True
Is 342654551 prime?
True
Is 422129 prime?
True
Is 2470597 a composite number?
True
Is 6039631 a prime number?
False
Is 376788063 a prime number?
False
Is 99116429 composite?
False
Is 138781 prime?
False
Is 2010199 composite?
True
Is 209461457 composite?
False
Is 49626397 prime?
True
Is 3602407 prime?
False
Is 97674427 composite?
True
Is 1437973817 prime?
False
Is 42689627 a composite number?
True
Is 5064461 prime?
True
Is 4919623 a prime number?
True
Is 26297003 a prime number?
False
Is 8857937 composite?
True
Is 6083723 composite?
False
Is 18733901 a composite number?
True
Is 5951639 a composite number?
True
Is 529782577 a composite number?
True
Is 59514339 composite?
True
Is 170454813 prime?
False
Is 4341371 composite?
False
Is 416330627 composite?
False
Is 392836027 a composite number?
False
Is 154770781 composite?
True
Is 13935247 a composite number?
True
Is 9691667 a prime number?
False
Is 784854635 a composite number?
True
Is 61332913 composite?
False
Is 363233 a composite number?
True
Is 143960309 a prime number?
True
Is 53841341 composite?
True
Is 640255651 composite?
True
Is 107856263 prime?
False
Is 262553 a composite number?
False
Is 5150027 a prime number?
True
Is 5884049 prime?
True
Is 1468031 a prime number?
False
Is 221297599 composite?
True
Is 2145359 a prime number?
True
Is 238057763 a composite number?
False
Is 16768967 prime?
True
Is 21698597 a prime number?
True
Is 18724729 composite?
True
Is 96769 a composite number?
False
Is 399148171 a prime number?
False
Is 286331 composite?
True
Is 2786177 prime?
True
Is 1568909 a composite number?
False
Is 353074379 a prime number?
F